1077*z**2 - 327*z + 3990. Calculate f(-120).
30
Let h(l) = 18*l**2 + 15193*l - 137339. What is h(-853)?
-6
Let x(r) = -3*r**2 - 14*r + 588. Calculate x(15).
-297
Let u(h) = -h**3 + 51*h**2 - 236*h + 297. What is u(46)?
21
Let l(z) = 401711*z - 2008497. Determine l(5).
58
Let b(g) = -4*g**3 + 103*g**2 + 372*g + 138. Determine b(29).
-7
Let l(s) = 51*s**2 - 41*s - 4788. Calculate l(0).
-4788
Let n(c) = -13934*c - 905715. What is n(-65)?
-5
Let u(g) = 570*g + 17812. Calculate u(-38).
-3848
Let q(w) = -w**3 - 47*w**2 + 14948*w - 76. What is q(-148)?
-76
Let o(i) = 1576*i - 20651. Calculate o(13).
-163
Let s(u) = -1335*u - 2722. Determine s(-2).
-52
Let g(z) = 2*z**2 - 3967*z + 1364888. What is g(443)?
5
Let u(f) = -1410*f + 20868. Calculate u(16).
-1692
Let m(o) = -3*o**3 - 37*o**2 + 1363*o - 28. Calculate m(16).
20
Let j(w) = 4*w**3 + 246*w**2 + 365*w + 14824. Give j(-61).
1
Let a(t) = -4*t**2 - 216*t - 2798. What is a(-29)?
102
Let a(s) = -910*s - 8056. Determine a(-9).
134
Let v(s) = 5*s**3 - 70*s**2 + 21*s + 7. What is v(12)?
-1181
Let s(v) = -136*v - 24002. Calculate s(-176).
-66
Let k(n) = -79*n**2 + 198*n - 576. Give k(3).
-693
Let z(r) = r**2 - 1382*r + 13957. What is z(10)?
237
Let z(x) = -20114*x + 281587. Give z(14).
-9
Let r(w) = 2*w**3 - 7*w**2 - 3*w - 984. Give r(0).
-984
Let a(j) = 1356*j - 36637. Determine a(27).
-25
Let v(c) = 117*c + 22117. Determine v(-189).
4
Let f(i) = 2*i**3 - 1486*i**2 + 17548*i - 2927. Calculate f(731).
-3
Let f(c) = -75*c**3 + 6*c**2 - 6*c - 9. Give f(-2).
627
Let m(k) = -130*k**3 - 907*k**2 + 4*k - 118. What is m(-7)?
1
Let k(h) = -h**2 - 190*h - 9070. Calculate k(-80).
-270
Let l(j) = -j**3 - 66*j**2 - 1091*j - 214. Calculate l(-35).
-4
Let n(x) = -x**2 + 340*x - 19367. Calculate n(268).
-71
Let w(j) = -1081*j**2 + 38919*j - 101. Give w(36).
7
Let i(g) = -2*g**2 - 1916*g - 26705. Give i(-14).
-273
Let t(x) = 2*x**3 - 1057*x**2 + 703*x + 462700. Give t(527).
-6
Let h(x) = x**3 + 19*x**2 - 38*x - 288. Calculate h(-20).
72
Let t(y) = -4*y**3 + 14*y**2 - 30*y + 228. Determine t(7).
-668
Let h(d) = -76438*d - 534867. Give h(-7).
199
Let n(h) = -30*h - 3963. Calculate n(-150).
537
Let v(b) = -1543*b - 1814. Determine v(-2).
1272
Let h(n) = -2264*n + 11319. What is h(5)?
-1
Let n(f) = 136*f**2 + 3150*f + 464. Give n(-23).
-42
Let d(u) = -17*u**2 + 446*u + 444. Calculate d(-1).
-19
Let y(t) = 9080*t + 326761. Give y(-36).
-119
Let y(a) = 6*a**2 - 1264*a + 21246. Give y(192).
-258
Let s(i) = i**3 - 105*i**2 - 648*i + 78193. Calculate s(104).
-15
Let q(y) = -14*y - 902. Calculate q(-29).
-496
Let x(n) = n**3 - 407*n**2 - 8987*n - 19. Calculate x(-21).
-40
Let m(y) = -11*y**2 - 1331*y - 4004. What is m(-3)?
-110
Let u(r) = -1397*r**2 - 12532*r + 365. Determine u(-9).
-4
Let p(r) = 968*r**2 + 399778*r - 2489. Calculate p(-413).
-11
Let h(r) = -2*r**2 + 3056*r + 64519. Give h(-21).
-539
Let q(k) = 2*k**3 + 782*k**2 + 3872*k + 4752. Calculate q(-386).
120
Let c(j) = -j**3 - 10*j**2 - 1997*j - 19944. Determine c(-10).
26
Let d(f) = -19*f**2 - 872*f + 274. Calculate d(-46).
182
Let g(z) = 4*z**2 - 1945*z - 46978. What is g(-24)?
2006
Let k(f) = 2052640*f - 6157921. Determine k(3).
-1
Let p(v) = -21231*v - 1273848. Give p(-60).
12
Let p(i) = -5*i**3 + 10*i**2 + 2*i - 32. Give p(-5).
833
Let j(s) = s**3 - 703*s**2 - 2010*s - 76285. Give j(706).
-37
Let b(f) = 479*f + 24879. Give b(-52).
-29
Let a(k) = k**2 - 7875*k + 149276. Calculate a(19).
12
Let r(z) = 3*z**3 - 26*z**2 + 193*z - 101. What is r(6)?
769
Let y(b) = -1480*b**3 - 4175*b + 4175. What is y(1)?
-1480
Let o(v) = -45791*v + 137655. Give o(3).
282
Let d(l) = 2543*l + 27978. What is d(-11)?
5
Let l(w) = 6*w**2 + 27187*w + 1370920. Determine l(-51).
-11
Let n(j) = -475*j - 33501. What is n(-71)?
224
Let l(h) = h**3 + 240*h**2 - 90*h - 21977. Calculate l(-240).
-377
Let s(r) = -4*r**2 - 671*r + 19253. What is s(25)?
-22
Let k(y) = 11085*y + 33360. What is k(-3)?
105
Let g(m) = m**2 + 2737*m - 463422. What is g(160)?
98
Let l(v) = v**3 + 62*v**2 - 101*v - 486. Calculate l(-63).
1908
Let d(i) = 11*i**2 + 2027*i + 3032. What is d(-183)?
470
Let y(k) = 2*k**3 + 61*k**2 - 155*k - 110. What is y(-32)?
1778
Let h(b) = 13*b**2 + 993*b - 11003. Give h(11).
1493
Let x(c) = -5*c**2 - 353*c - 9790. What is x(-36)?
-3562
Let n(f) = 158*f**2 + 20215*f + 20218. Determine n(-1).
161
Let b(o) = -2*o**2 + 39*o + 7879. Give b(-54).
-59
Let m(s) = 133*s**3 - 6*s**2 - 29*s - 26. What is m(-2)?
-1056
Let n(b) = 51555*b - 257791. Determine n(5).
-16
Let m(v) = v**2 - 180*v + 6850. What is m(55)?
-25
Let l(y) = y**3 - 31*y**2 + 6211*y - 214712. Determine l(34).
-70
Let h(k) = k**3 - 507*k**2 - 68*k + 34478. Determine h(507).
2
Let f(p) = -p**3 - 3*p**2 - 584*p - 1753. Determine f(-3).
-1
Let p(x) = -9*x**3 + 166*x**2 - 528*x - 359. Give p(14).
89
Let r(a) = -2*a**3 - 12*a**2 + 6759*a + 13550. What is r(-2)?
0
Let h(s) = 198*s + 11180. Determine h(-58).
-304
Let m(y) = -y**3 + 37*y**2 - 20*y - 153. Calculate m(15).
4497
Let c(t) = -74555*t + 521871. Calculate c(7).
-14
Let w(p) = -72513*p + 362730. Determine w(5).
165
Let l(v) = v**3 + 10*v**2 + 36*v + 196. Determine l(-7).
91
Let t(s) = 48*s**2 + 722*s - 1583. Determine t(-17).
15
Let x(u) = 17970*u - 11267191. Calculate x(627).
-1
Let y(g) = -33*g**2 - 8746*g - 254. What is y(-265)?
11
Let d(l) = 5*l**2 - 102*l - 665. Give d(-9).
658
Let r(v) = 22202*v + 44411. What is r(-2)?
7
Let c(z) = 2*z**2 - 1644*z - 256215. Determine c(956).
-7
Let p(n) = 15574*n + 93442. Calculate p(-6).
-2
Let l(k) = 2*k**3 + 38*k**2 + 24*k + 29. Give l(-18).
245
Let w(d) = 123*d**2 + 16755*d + 3639. Determine w(-136).
-33
Let k(x) = 3326*x - 35798. What is k(11)?
788
Let u(b) = -b**2 - 36319*b + 6203134. What is u(170)?
4
Let n(i) = -i**3 - 109*i**2 + 6*i + 2103. Calculate n(-109).
1449
Let q(t) = 6509*t - 5944. Calculate q(1).
565
Let w(j) = -2*j**3 - 226*j**2 - j - 475. Calculate w(-113).
-362
Let k(c) = -498704*c + 1496173. What is k(3)?
61
Let b(a) = -3*a**2 + 12401*a - 99236. What is b(8)?
-220
Let u(y) = 10216*y + 30661. What is u(-3)?
13
Let a(s) = s**2 + 141*s + 1027. Calculate a(-14).
-751
Let d(q) = -90*q + 3048. Give d(40).
-552
Let y(k) = 331*k**2 - 4337*k + 437. Give y(13).
-5
Let q(j) = -2556*j + 59036. What is q(23)?
248
Let h(r) = -r**2 + 637*r - 89678. Determine h(210).
-8
Let y(i) = -7829*i**2 + 54803*i - 9. Calculate y(7).
-9
Let f(s) = -15*s**3 + 19*s**2 + 33*s - 2. What is f(-2)?
128
Let t(z) = 53*z**2 - 846*z - 7380. What is t(-9)?
4527
Let j(t) = 21*t**2 - 142*t - 225. Calculate j(8).
-17
Let b(l) = 3*l**3 - 170*l**2 - 140*l + 30. What is b(-1)?
-3
Let l(m) = m**2 - 121*m - 4205. Give l(-27).
-209
Let m(f) = 31970*f + 160155. Calculate m(-5).
305
Let o(t) = -620*t + 830. Calculate o(1).
210
Let w(x) = -x**2 + 1267*x - 393995. What is w(719)?
17
Let o(d) = d**2 - 3162*d + 706714. Give o(242).
74
Let o(h) = 5*h**3 + 1903*h**2 + 1130*h - 3892. Determine o(-380).
-92
Let d(r) = -1711*r**2 - 8555*r - 64. Calculate d(-5).
-64
Let z(s) = -15*s**2 - 396*s - 37. Give z(-31).
-2176
Let m(q) = -15*q**2 - 1461*q - 28817. Calculate m(-70).
-47
Let q(m) = 95*m**2 - 4844*m - 25. Determine q(51).
26
Let n(t) = -37*t**2 + 583*t - 378. Determine n(15).
42
Let a(l) = 8314*l**2 + 124708*l - 23. Determine a(-15).
7
Let f(s) = -s**3 - 72*s**2 - 2928*s - 132481. Determine f(-60).
-1
Let c(n) = n**2 - 570*n - 24371. Determine c(-39).
-620
Let g(j) = j**3 - 5*j**2 - 279*j - 1052. Determine g(21).
145
Let i(h) = h**3 + 47*h**2 + 632*h + 61. Determine i(-10).
-2559
Let u(s) = 174*s**3 - 2262*s**2 - 28*s + 375. What is u(13)?
11
Let q(k) = -4*k**2 + 29222*k - 7. Calculate q(0).
-7
Let u(d) = 4*d**2 + 59047*d + 354123. Determine u(-6).
-15
Let j(v) = 55*v**3 - 7*v**2 + 30*v - 26. What is j(1)?
52
Let c(y) = y**3 + 44*y**2 + 69*y - 494. Determine c(-41).
1720
Let x(s) = 21445*s - 171556. Give x(8).
4
Let l(b) = 462*b + 3685. What is l(-8)?
-11
Let f(q) = q**2 - 29915*q + 8884491. What is f(300)?
-9
Let g(t) = -t**2 + 7054*t + 14101. What is g(-2)?
-11
Let a(q) = -q**3 + 676*q**2 - 87678*q + 1491. Calculate a(501).
-12
Let l(t) = -43055*t + 86117. Determine l(2).
7
Let n(f) = 8*f**2 + 568*f - 573. Calculate n(-72).
3
Let c(m) = -6*m**3 + 26*m**2 + 15*m - 27. Determ